65 = -3*j. Let h = 202 - 103. Let k = h + j. What is the highest common factor of k and 16?
8
Let h(b) = -12*b + 38. Let z be h(3). Suppose o + 4*o + d - 43 = 0, -4*o - z*d + 38 = 0. Calculate the highest common factor of 104 and o.
8
Suppose -4*m + 100*b - 98*b = -454, 0 = 3*b + 9. What is the greatest common factor of m and 210?
14
Let i = 45 + -42. Suppose -2*q = -3*j + 32, -8*q + 67 = i*j - 3*q. What is the greatest common divisor of 70 and j?
14
Let d = 50 + -31. Let u be 160/144 + (-14968)/(-72). What is the highest common factor of d and u?
19
Let u be -3 + 117/(4 - 1). Suppose 3*c - 3 = 12. Suppose c*t - 59 = -14. Calculate the highest common divisor of u and t.
9
Suppose 3*a + 3619 - 3700 = 0. Let k = 43 - 25. What is the highest common factor of a and k?
9
Suppose -5*t + j = -632, -t - 267*j + 124 = -266*j. What is the highest common divisor of t and 210?
42
Suppose -f + 127 = 4*s - 4*f, -f - 117 = -4*s. Calculate the highest common divisor of s and 21.
7
Let p(j) = 2*j**2 + 5*j + 7. Let c be p(-5). Let q = -3515 + 3517. Calculate the highest common factor of c and q.
2
Let o(p) = 4*p**3 + p**2 - p. Let k be o(1). Let s(d) = 4*d - 6. Let h be s(k). Suppose 90 = -376*c + 379*c. Calculate the highest common factor of h and c.
10
Let n = -14 + 43. Suppose y = -5 + n. Suppose -402*g - u = -406*g + 8, 2*g - 5*u + 14 = 0. What is the highest common factor of g and y?
3
Let x = 1245 - 1238. What is the greatest common divisor of 231 and x?
7
Let n be 24/7*(-1736)/(-16). Suppose 0 = -2*g - g + n. What is the greatest common factor of 31 and g?
31
Suppose -r = -2*t + 5 - 2, 5*t = -r - 3. Suppose -54 - 59 = -2*i - 3*q, i + 3*q - 49 = t. Calculate the highest common factor of 8 and i.
8
Suppose -5*m - 3*c + 172 = -193, -3*m + c + 233 = 0. What is the highest common divisor of 95 and m?
19
Let s = -72 - -135. Let q be (-2)/2*(0 - 0)/5. Let a(k) = k**3 + k + 7. Let p be a(q). What is the greatest common factor of s and p?
7
Suppose -11 = -0*h - h. Let d(a) = 2*a + 11. Let p be d(-5). Calculate the greatest common divisor of h and p.
1
Let v(y) = -2*y - 8. Let c(g) = -g**2 - 5*g - 25. Let d(b) = -2*c(b) + 7*v(b). Let m be d(4). What is the highest common factor of m and 40?
10
Let w be 19/(0 - -1)*1. Let k = 59 - w. Calculate the highest common factor of 10 and k.
10
Suppose -8*r + 27 + 37 = 0. Calculate the highest common divisor of r and 472.
8
Suppose -4*q = 20, 0 = -2*m - q + 5 - 4. Suppose m*h + 3 - 81 = 0. Calculate the highest common factor of h and 208.
26
Let z be 4*(0 + 1) - -1. Suppose 0 = 2*j - 5*o + 5 - 4, 4*o = -z*j - 52. Let t = j - -22. Calculate the greatest common divisor of t and 14.
14
Let y be 12 - (-532)/70 - 2/(-5). What is the highest common divisor of y and 40?
20
Let o(q) = -q**2 + 5*q - 4. Let i be o(3). Let m be i/(1 - 22/24). Let n be m/(-10)*(-125)/10. What is the greatest common divisor of n and 45?
15
Let b be (6900/(-24))/25*-158. What is the greatest common factor of 79 and b?
79
Suppose -2*f - 2*o + 44 = 0, 2*o + 86 = 5*f + o. Let m(y) = y + 42. Let x = -22 - -7. Let v be m(x). Calculate the highest common factor of v and f.
9
Let q = 72 - 80. Let x be 198 - 0 - q/4. What is the highest common factor of 25 and x?
25
Let i(m) = 75*m - 448. Let s be i(7). Calculate the highest common factor of 28 and s.
7
Let r = -33 + 33. Suppose 5*z + r*v + 3*v = -888, -2*v + 175 = -z. Let w be 2/(z/60 + 3). What is the highest common divisor of 10 and w?
10
Let d(o) = -4*o - 9. Let y be d(-2). Let k(r) = -5*r**3 + 2 - 8*r**3 + 2*r**3 + 2*r. Let g be k(y). Calculate the greatest common factor of 77 and g.
11
Let g be ((-345)/(-35) + -9)*7. Suppose -4*b + 42 = -7*b. Let w be (-12)/14*(b + 0). Calculate the highest common divisor of w and g.
6
Suppose 7*u - 148 = -57. Calculate the highest common factor of u and 117.
13
Suppose -2817 = -c - 5*u, -2*c + 7*u - 8*u + 5625 = 0. Calculate the highest common divisor of c and 76.
76
Let x = -679 + 701. Calculate the highest common divisor of 902 and x.
22
Let f be ((1 - -3)/(-4))/(1/(-90)). Let y = 146 + -54. Suppose 52 = 4*b - y. What is the highest common factor of b and f?
18
Let z(a) = -31*a - 3. Let o be z(-3). Calculate the greatest common divisor of o and 40.
10
Let s(l) = -2*l - 10. Let c be s(-7). Let r = 6 - c. Suppose 2*g + y - 1 = 3, -5*y + 14 = 4*g. What is the greatest common divisor of r and g?
1
Suppose -2924 = -10*d - 124. Calculate the greatest common factor of d and 224.
56
Suppose -25*y = -31*y + 240. What is the greatest common factor of y and 560?
40
Let u be (7 - 5)*2*5. What is the highest common divisor of 8 and u?
4
Let b be 411/15 - 18/(-30). What is the greatest common factor of b and 63?
7
Let l be ((-45)/(-6))/(2/4). Calculate the greatest common divisor of 300 and l.
15
Suppose 10 + 2 = 2*n. Suppose -n*h = -5*h - 26. Let d be (-518)/(-4) + (-1)/(-2). What is the greatest common factor of d and h?
26
Let w be 4/(-18) + (-505)/(-45). Suppose p - w = -9. Suppose -5*a + 278 = x, -a + 5*x + 150 = p*a. Calculate the greatest common factor of a and 22.
11
Let t(o) = 6*o + 9. Let k be t(12). What is the highest common divisor of k and 18?
9
Let m(t) = -6 - 2 - 24 + 4*t. Let f be m(17). Let p(h) = 2*h**2 + h + 3. Let v be p(3). Calculate the greatest common factor of v and f.
12
Let z(w) = -w**3 + 8*w**2 + 15*w - 18. Let i be z(9). Suppose x - i = -5*u - x, -x - 18 = -2*u. Calculate the highest common divisor of 80 and u.
8
Let g = -809 + 818. Calculate the greatest common divisor of g and 243.
9
Let s = -130 - -373. Calculate the highest common divisor of 9 and s.
9
Suppose -6*x = -3*x - 3, 3*k - 279 = -3*x. Calculate the highest common divisor of k and 782.
46
Let y = 500 + -260. Calculate the highest common factor of 96 and y.
48
Let i be (-1 + 1 - -2) + 46. Let z = -397 - -429. Calculate the highest common divisor of i and z.
16
Let o = 66 - -88. Calculate the highest common factor of 22 and o.
22
Let b be ((-20)/(-15))/((-2)/(-6)). Suppose 4*s = 5*g - 57, g - 5 - 16 = b*s. Calculate the highest common divisor of 9 and g.
9
Let u = 604 - 318. What is the greatest common divisor of 26 and u?
26
Let y be -3*(1*-1)/1. Let w be (-1)/((6/(-4))/y). Suppose -10*r + 70 - 60 = 0. What is the greatest common divisor of r and w?
1
Let v be (-1038)/(-4) + 1/(-2). Suppose -22*q - 20 = -27*q. Let n(f) = 2*f**2 + 2*f - 3. Let a be n(q). What is the greatest common divisor of a and v?
37
Suppose -638*n + 647*n - 2349 = 0. What is the greatest common factor of n and 696?
87
Suppose j = 120 + 49. Let x be 13/(65/66) + 20/(-100). Calculate the highest common divisor of j and x.
13
Suppose 15*p = 10443 + 477. Calculate the highest common divisor of p and 112.
56
Suppose -2*w = 5*t - 18, 0 = 2*t - 5*t - 2*w + 10. Let h be ((-7)/2)/((-2)/t). Suppose -231 = -309*s + 306*s. Calculate the highest common divisor of s and h.
7
Suppose 53 + 91 = -8*f. Let r be (f/(-4))/((-15)/(-100)). Calculate the highest common factor of 6 and r.
6
Let s(f) be the third derivative of f**6/60 - 7*f**5/60 + f**4/6 - 7*f**3/6 - 35*f**2. Let u be s(5). Calculate the highest common divisor of u and 66.
22
Let j = -17 - 14. Let w = 81 + j. Calculate the highest common divisor of 10 and w.
10
Let z = 0 - 3. Let s = z - -20. Suppose r - s = -8. Calculate the greatest common divisor of r and 1.
1
Suppose -3*m = 4*t + 2, -3*t = m + 4 - 0. Suppose 3*j = m*u + 1, 2*u = -2*j + 9 + 5. What is the greatest common divisor of 3 and j?
3
Suppose 0 = l + 2*b - 358, l + 13*b = 10*b + 357. What is the highest common divisor of l and 63?
9
Let p be (-7 - (3 - 6))*-2. Let d = 279 + -207. What is the highest common divisor of d and p?
8
Suppose -a + 8 = -8. Suppose 17*v - 3 = a*v. What is the greatest common divisor of v and 1?
1
Suppose -134 - 34 = -6*s. What is the greatest common divisor of 56 and s?
28
Let r be (-1 + 78)*(-2 - -3). Suppose 8*h + 48 = 12*h. Suppose 3*y = h*y - 99. Calculate the highest common factor of r and y.
11
Suppose -4*z = 5*s - 56, 22 = 3*z + 3*s - 17. What is the greatest common factor of z and 5?
1
Let m be ((-2)/(-8))/((-6)/(-72)). What is the highest common divisor of m and 15?
3
Let r be ((-2)/(-5))/((-5)/(-25)). Suppose -6*g + 5*m = -3*g - 145, r*m = -g + 41. What is the greatest common fact